st common factor of 414 and 18.
18
What is the greatest common divisor of 299 and 51129?
299
Calculate the highest common divisor of 2444 and 47.
47
What is the greatest common divisor of 31 and 3?
1
What is the highest common factor of 800 and 32?
32
What is the greatest common factor of 21 and 140?
7
What is the greatest common divisor of 420 and 60?
60
What is the greatest common factor of 1908 and 36?
36
What is the greatest common factor of 78 and 104?
26
What is the highest common factor of 976 and 32?
16
Calculate the greatest common factor of 3180 and 60.
60
What is the highest common factor of 132 and 24?
12
Calculate the greatest common divisor of 1608 and 144.
24
Calculate the greatest common divisor of 32 and 144.
16
What is the highest common divisor of 792 and 176?
88
What is the highest common factor of 80 and 55?
5
What is the highest common divisor of 12351 and 759?
69
What is the highest common divisor of 3 and 321?
3
What is the highest common divisor of 33 and 1254?
33
What is the highest common divisor of 420 and 180?
60
Calculate the highest common divisor of 851 and 333.
37
What is the highest common factor of 561 and 66?
33
What is the greatest common divisor of 506 and 242?
22
What is the highest common factor of 1536 and 24?
24
What is the highest common divisor of 942 and 8?
2
Calculate the greatest common factor of 6924 and 12.
12
Calculate the greatest common factor of 24 and 54.
6
What is the highest common factor of 54694 and 58?
58
Calculate the greatest common factor of 159 and 371.
53
What is the highest common factor of 10 and 3190?
10
Calculate the highest common divisor of 3634 and 1264.
158
Calculate the highest common divisor of 180 and 7668.
36
What is the highest common factor of 945 and 1435?
35
What is the greatest common factor of 2483 and 26?
13
Calculate the greatest common factor of 5486 and 78.
26
What is the highest common factor of 406 and 42?
14
What is the greatest common factor of 10 and 2890?
10
What is the highest common divisor of 150 and 50?
50
Calculate the greatest common divisor of 2781 and 54.
27
Calculate the highest common divisor of 67 and 603.
67
What is the greatest common factor of 230 and 46?
46
Calculate the greatest common divisor of 672 and 456.
24
Calculate the greatest common factor of 9219 and 21.
21
Calculate the highest common divisor of 106 and 6784.
106
What is the greatest common factor of 100 and 2320?
20
Calculate the greatest common divisor of 246 and 1886.
82
Calculate the greatest common factor of 175 and 28.
7
Calculate the greatest common factor of 95 and 3040.
95
Calculate the highest common factor of 25 and 90.
5
What is the highest common factor of 70 and 10?
10
What is the highest common factor of 43 and 7267?
43
Calculate the greatest common factor of 2 and 2870.
2
What is the greatest common factor of 896 and 4?
4
What is the highest common factor of 306 and 72?
18
What is the greatest common factor of 33 and 286?
11
What is the greatest common divisor of 76 and 1634?
38
Calculate the greatest common factor of 4085 and 215.
215
Calculate the greatest common factor of 32 and 640.
32
What is the highest common factor of 1348 and 3033?
337
What is the highest common divisor of 15 and 9195?
15
What is the greatest common divisor of 49 and 217?
7
What is the highest common divisor of 6494 and 34?
34
What is the greatest common factor of 5 and 47?
1
Calculate the greatest common factor of 336 and 72.
24
What is the greatest common factor of 24458 and 14?
14
Calculate the highest common divisor of 218 and 5559.
109
What is the highest common factor of 735 and 98?
49
Calculate the greatest common divisor of 228 and 264.
12
What is the highest common factor of 378 and 486?
54
What is the greatest common factor of 30 and 87?
3
Calculate the greatest common factor of 128 and 696.
8
What is the greatest common divisor of 13 and 1807?
13
Calculate the greatest common factor of 10 and 2865.
5
Calculate the greatest common factor of 60 and 380.
20
Calculate the greatest common divisor of 81 and 504.
9
Calculate the greatest common divisor of 1480 and 80.
40
What is the greatest common divisor of 28 and 714?
14
Calculate the greatest common factor of 180 and 3060.
180
What is the greatest common factor of 21 and 1113?
21
What is the highest common factor of 368 and 80?
16
Calculate the highest common factor of 90 and 945.
45
Calculate the highest common factor of 108 and 54.
54
What is the greatest common divisor of 6180 and 60?
60
Calculate the greatest common factor of 10 and 370.
10
Calculate the greatest common factor of 16 and 148.
4
Calculate the greatest common divisor of 1188 and 2948.
44
What is the highest common divisor of 27 and 9081?
9
What is the highest common factor of 52 and 208?
52
What is the greatest common divisor of 1653 and 57?
57
Calculate the highest common factor of 1568 and 147.
49
Calculate the highest common factor of 287 and 205.
41
Calculate the greatest common divisor of 475 and 2755.
95
What is the greatest common factor of 117 and 39?
39
What is the greatest common factor of 24 and 108?
12
Calculate the greatest common factor of 2324 and 28.
28
Calculate the greatest common divisor of 650 and 50.
50
What is the greatest common divisor of 220 and 209?
11
What is the greatest common divisor of 852 and 36?
12
Calculate the greatest common factor of 24 and 48.
24
Calculate the greatest common divisor of 2375 and 19.
19
Calculate the greatest common divisor of 1125 and 1440.
45
What is the greatest common divisor of 123 and 10783?
41
What is the greatest common divisor of 408 and 648?
24
Calculate the highest common factor of 152 and 684.
76
Calculate the greatest common factor of 168 and 180.
12
What is the highest common divisor of 472 and 192?
8
Calculate the highest common factor of 29 and 14123.
29
What is the greatest common divisor of 576 and 648?
72
What is the greatest common divisor of 196 and 364?
28
Calculate the greatest common divisor of 35 and 595.
35
What is the greatest common factor of 3569 and 332?
83
What is the greatest common factor of 10800 and 1000?
200
Calculate the highest common factor of 36 and 612.
36
Calculate the greatest common factor of 18 and 64.
2
Calculate the greatest common factor of 80 and 2160.
80
What is the greatest common factor of 171 and 2?
1
What is the greatest common factor of 1410 and 230?
10
Calculate the highest common divisor of 124 and 85002.
62
Calculate the highest common factor of 290 and 522.
58
Calculate the highest common divisor of 1110 and 30.
30
What is the highest common factor of 3515 and 1?
1
What is the highest common factor of 36 and 124?
4
What is the highest common factor of 143 and 11297?
143
Calculate the highest common divisor of 976 and 16.
16
What is the highest common factor of 360 and 3880?
40
What is the greatest common divisor of 68 and 1394?
34
What is the highest common divisor of 4600 and 2392?
184
What is the greatest common factor of 36 and 3564?
36
What is the highest common divisor of 5772 and 3552?
444
What is the highest common factor of 128 and 5184?
64
Calculate the highest common factor of 855 and 190.
95
What is the highest common divisor of 339 and 2?
1
What is the highest common divisor of 111 and 3?
3
Calculate the greatest common factor of 1257 and 30.
3
What is the greatest common factor of 48 and 210?
6
What is the greatest common factor of 330 and 19470?
330
What is the greatest common divisor of 245 and 539?
49
What is the greatest common divisor of 3945 and 25?
5
What is the greatest common factor of 1488 and 15?
3
What is the highest common factor of 252 and 24?
12
Calculate the greatest common divisor of 1036 and 28.
28
What is the greatest common divisor of 42 and 1827?
21
What is the highest common divisor of 6019 and 39?
13
What is the highest common factor of 72 and 228?
12
Calculate the highest common divisor of 6 and 57.
3
What is the highest common divisor of 153 and 243?
9
What is the greatest common factor of 52 and 132?
4
Calculate the highest common divisor of 923 and 71.
71
Calculate the highest common factor of 60 and 48.
12
Calculate the greatest common divisor of 176 and 24.
8
Calculate the highest common divisor of 3749